 = 2 - 2. Suppose 4*i + 2*x - 15 - 45 = c, 2*i - 3*x - 30 = 0. Calculate the highest common divisor of i and m.
15
Let k = -84 + 180. Calculate the highest common factor of 32 and k.
32
Let z be (32/10)/((-1)/(-20)). Calculate the greatest common factor of z and 48.
16
Suppose 0 = -k - 1 + 9. Suppose -628 = -4*p - k*i + 5*i, -4*i = -p + 176. What is the highest common factor of 8 and p?
8
Let u be 48/(-12) - -1*3. Let d be 12 - (1 - (u + 5)). What is the greatest common factor of d and 60?
15
Suppose 2*f + 16 = 32. Suppose 5*r + f = 3*r. Let d be r/(-14) + (-660)/(-42). What is the greatest common factor of d and 16?
16
Let g(u) = u**3 - 6*u**2 + 9*u - 3. Suppose -2*s = 0, 0 = w - 4*w - 5*s + 15. Let o be g(w). What is the greatest common divisor of o and 17?
17
Suppose 4*m - 2*m - 163 = 3*d, -4*d + 350 = 5*m. What is the highest common factor of m and 37?
37
Let d = -119 - -239. What is the highest common factor of d and 30?
30
Suppose y + 0*y - 2*o = 16, -3*y = -4*o - 50. Calculate the greatest common divisor of 927 and y.
9
Suppose 5*b + 5 = 3*a, 4*b + 5 = -4*a - b. Suppose 12*u - 10*u - 126 = a. Let v be 21*(-1 - -2) - 0. What is the greatest common divisor of u and v?
21
Let j(k) = k + 1. Let d be j(3). Suppose -r - t = -d - 11, 0 = 2*r + 4*t - 36. Calculate the highest common divisor of 4 and r.
4
Let d be 480/(-72)*(1 + (-34)/10). What is the greatest common divisor of 64 and d?
16
Let k(g) = 5*g - 21*g - 18 - 6 + 0. Let i be k(-8). Calculate the greatest common divisor of i and 13.
13
Suppose -n + 7 = -0. Suppose -n*z = -6*z + 3*w - 13, 0 = -2*w. What is the greatest common divisor of z and 26?
13
Suppose o = 4*o - 45. Suppose -316 = -21*w + 314. Calculate the greatest common divisor of w and o.
15
Suppose 4*p = 4*s + 136, 0*p - 4*p + 140 = -2*s. Suppose 13 = 5*g + j - 12, 4*g + 5*j = 41. What is the highest common divisor of g and p?
4
Let n be 12*3/27*3. Suppose n*x + 179 = k, 8*k = 4*x + 3*k + 159. Let d = -24 - x. What is the highest common factor of 11 and d?
11
Let k be (0 + 1)/((-3)/(-42)). Suppose -k*q = -16*q + 38. Let l(o) = -31*o + 4. Let v be l(-6). What is the greatest common factor of v and q?
19
Let l(s) = -17*s**2 + 5*s - 3. Let b be l(-2). Let c = b - -85. Calculate the highest common factor of 10 and c.
2
Let x = -158 + 230. Suppose -416 = -5*m - 86. Suppose 0 = p + c - 38, 2*p + 3*c = 6*c + m. What is the highest common factor of x and p?
36
Let g = 181 - 76. What is the highest common divisor of 75 and g?
15
Let v(b) = 5*b**2 - 30*b + 64. Let q be v(12). Calculate the highest common factor of 8 and q.
8
Suppose -7*g + 336 = -308. Calculate the greatest common divisor of g and 345.
23
Let y be (-4 + 1 - 11)*4/(-14). Suppose 0 = 4*u + y*b - 8, 2*u + b - 8 = 1. What is the greatest common divisor of u and 21?
7
Suppose -3*z = 2*z - 60. Let s be (-13 + 0/(-5))/1. Let v(u) = u**3 + 12*u**2 - 12*u + 17. Let m be v(s). Calculate the greatest common factor of m and z.
4
Suppose d = -5*f - 15, 0 = -2*d - 2*f - 0 + 2. What is the greatest common divisor of 45 and d?
5
Let y = 0 + 0. Let k(n) = 3*n + 18. Let i be k(y). What is the highest common factor of i and 45?
9
Let y be 1 + -4*(-6)/(-4). Let u be (-30)/y + 3*-1. Suppose 2*c - 16 = 4*v, u*c - 5*v - 6 = -8*v. What is the greatest common divisor of c and 2?
2
Suppose 4*w = 3*l + 843, 43*l - 46*l = w - 192. What is the highest common divisor of 46 and w?
23
Suppose -3*t + 171 = -3*o, 2*o = -t + 5*t - 234. Suppose 12*z - 31*z = -456. What is the greatest common factor of t and z?
12
Let x(r) = 59*r**2 - 9*r - 5. Let j be x(-1). What is the highest common divisor of j and 35?
7
Let a(b) = -79*b - 3. Let g be a(-3). Calculate the greatest common divisor of g and 312.
78
Suppose -4*t + 37 = 57. Let l be t*(0 - -20)*-2. Let u be -1 + 0 + 82 + -1. Calculate the highest common divisor of l and u.
40
Let t be (-8)/12 - 16/(-6). Suppose -b - t*b = 0. Suppose -5*r + 3*i + 227 = i, b = -3*r + i + 136. Calculate the highest common factor of r and 9.
9
Let r(w) = -w**2 - 7*w + 1. Suppose -4*p = y + 13, -5*y + y = -4*p + 12. Let k be r(y). Calculate the greatest common divisor of k and 55.
11
Let c = -122 + 230. Let x = -57 + 67. Let r be x - ((-3)/(-1) + -5). What is the greatest common factor of r and c?
12
Let j be 1 + (202 + -11)/(-1 + 2). What is the highest common factor of 24 and j?
24
Let b be (-972)/(-16) + 1 - (-6)/(-8). What is the highest common factor of b and 427?
61
Suppose 461 + 735 = 52*v. Calculate the greatest common divisor of 23 and v.
23
Suppose 2*w = w + 52. Let a = -46 + w. What is the highest common divisor of 66 and a?
6
Suppose -6*s = 1517 - 1673. Calculate the highest common factor of s and 182.
26
Suppose 0 = -26*o - 225 + 1525. Calculate the greatest common divisor of o and 20.
10
Let o(z) = -8*z + 24. Suppose -21*m + 5*m = 112. Let t be o(m). What is the greatest common factor of 16 and t?
16
Let b(z) = z**3 + 5*z**2 + 2*z - 4. Let m be b(-4). Suppose -4517*t + 30 = -4514*t. Calculate the greatest common divisor of m and t.
2
Let n = -4 - -24. Suppose -k + 20*c = 15*c - 18, -3*c = -4*k + 38. What is the greatest common divisor of k and n?
4
Let w be (1 - -1065) + 17/(-51)*-6. What is the highest common divisor of w and 12?
12
Let a(n) = -n**3 - 32*n**2 - 91*n + 12. Let d be a(-29). Calculate the greatest common divisor of 384 and d.
128
Suppose -g - 2 = 0, 5*g + 3 = -n - 0*g. Suppose i - n = 11. Let a = 90 + -18. What is the highest common factor of a and i?
18
Let l(w) = -85*w - 11. Let f(s) = 171*s + 22. Let h(v) = 3*f(v) + 5*l(v). Let p be h(3). What is the highest common divisor of 25 and p?
25
Let z(c) = 93*c - 1130. Let v be z(69). What is the greatest common factor of 17 and v?
17
Let h = -10 + 15. Let o(q) = -2*q**2 + 12*q - 2. Let x be o(h). Calculate the highest common factor of 12 and x.
4
Let w be (-6 + 3 - -1)*(-5 + -53). What is the highest common factor of w and 116?
116
Let k(n) = n**2 - 19*n + 19. Let x be k(19). Suppose -4*f + x + 5 = 0. Calculate the highest common divisor of f and 24.
6
Let d(y) = 7*y**3 + 2*y + 1. Let z be d(-2). Let u = -41 - z. Let c be u + (4 - 4 - -2). Calculate the greatest common factor of 20 and c.
20
Let t(n) = -11*n - 55. Let x be t(-15). Let l = x - 74. What is the greatest common divisor of l and 27?
9
Let b be 15/(750/980) + 2/5. What is the highest common factor of 380 and b?
20
Suppose 5*x + 1 = -2*v + 16, -3*x + 30 = -3*v. Let r be (-119)/v - (-4)/(-5). Calculate the greatest common divisor of r and 69.
23
Suppose 4*o + 24 = -8. Let x(a) = -4*a - 8 + 9*a**2 - 2*a + a**3 - a**2. Let v be x(o). Calculate the highest common factor of v and 8.
8
Let t = 410 + -354. Calculate the greatest common factor of t and 14.
14
Let t(y) = 5*y**2 - 110*y + 536. Let v be t(5). What is the greatest common factor of v and 1443?
111
Suppose -3*d + 45 = 2*r + 3, -4*d + 51 = r. Let j = 487 - 785. Let o = -202 - j. What is the highest common divisor of o and d?
12
Let z be (-4 + 21/6)*4. Let u(d) = -2*d + 9. Let l be u(z). What is the greatest common factor of 143 and l?
13
Let r(w) = 2*w + 6. Suppose 4*j + 1 = -11. Let g be r(j). Suppose p - x - 33 - 26 = g, 4*p - 2*x - 238 = 0. Calculate the greatest common factor of p and 24.
12
Suppose 4*a = 5*g - 5, 0 = -5*a - 5*g + 5. Let z = 22 - a. Suppose 5*l = 4*p - 132, 0*l = 3*p - 5*l - 99. What is the highest common divisor of p and z?
11
Suppose -n - h - 47 = 4*h, -5*n = 2*h + 189. Let r = 43 + n. What is the greatest common divisor of r and 12?
6
Let k = -11 - -8. Let d be ((-5)/k)/(1/9). Let x = -6 - -36. What is the highest common factor of x and d?
15
Let h(s) = s**2 - 47*s + 218. Let l be h(5). What is the highest common divisor of l and 1048?
8
Let s be 22/(-143) - ((-160)/26 - -1). Suppose -20 = 2*j + 3*j, s*y = -2*j + 242. What is the highest common divisor of 25 and y?
25
Let s = -10 - -16. Suppose -45 = 474*k - 479*k. Calculate the highest common divisor of k and s.
3
Let y be 80/14 + 4/14. Suppose 3*l = 42 + y. What is the greatest common divisor of 128 and l?
16
Let b(s) = -s**3 + 4*s**2 + 5*s - 3. Let m be b(-4). Let t be 4/(-12) - 67/(-3). Let j = -7 + t. What is the highest common factor of m and j?
15
Let h be -5*(-1 - (16/(-5) + 4)). Let w be 38/(-1 + 2) + -2.